 849 is divided by 288?
273
Calculate the remainder when 2000 is divided by 16.
0
What is the remainder when 82039 is divided by 280?
279
What is the remainder when 27267 is divided by 64?
3
Calculate the remainder when 495710 is divided by 45.
35
What is the remainder when 8871 is divided by 1148?
835
Calculate the remainder when 1468 is divided by 873.
595
Calculate the remainder when 2975 is divided by 850.
425
What is the remainder when 40038 is divided by 35?
33
Calculate the remainder when 2609443 is divided by 752.
3
Calculate the remainder when 4650 is divided by 13.
9
What is the remainder when 93082 is divided by 52?
2
What is the remainder when 166814 is divided by 13?
11
Calculate the remainder when 191605 is divided by 622.
29
What is the remainder when 68998 is divided by 69?
67
Calculate the remainder when 27923 is divided by 261.
257
Calculate the remainder when 11593 is divided by 1240.
433
What is the remainder when 574357 is divided by 692?
689
What is the remainder when 13407 is divided by 4460?
27
What is the remainder when 10348 is divided by 1710?
88
What is the remainder when 517888 is divided by 13?
7
What is the remainder when 117122 is divided by 356?
354
What is the remainder when 5623 is divided by 562?
3
What is the remainder when 9444 is divided by 128?
100
What is the remainder when 30136 is divided by 1075?
36
What is the remainder when 85734 is divided by 105?
54
Calculate the remainder when 87911 is divided by 7.
5
Calculate the remainder when 18121 is divided by 212.
101
What is the remainder when 7508 is divided by 139?
2
What is the remainder when 672 is divided by 8?
0
What is the remainder when 4348 is divided by 675?
298
What is the remainder when 33365 is divided by 31?
9
Calculate the remainder when 345934 is divided by 142.
22
Calculate the remainder when 2457 is divided by 373.
219
What is the remainder when 6640 is divided by 1105?
10
What is the remainder when 7783 is divided by 13?
9
Calculate the remainder when 5771 is divided by 4104.
1667
Calculate the remainder when 1440261 is divided by 84.
81
What is the remainder when 3460 is divided by 800?
260
Calculate the remainder when 5238 is divided by 227.
17
What is the remainder when 360760 is divided by 159?
148
Calculate the remainder when 1258 is divided by 272.
170
Calculate the remainder when 4714 is divided by 524.
522
What is the remainder when 499194 is divided by 150?
144
What is the remainder when 25812 is divided by 11?
6
What is the remainder when 1395835 is divided by 128?
123
What is the remainder when 4416 is divided by 177?
168
Calculate the remainder when 2724 is divided by 560.
484
What is the remainder when 13954 is divided by 389?
339
Calculate the remainder when 6808 is divided by 3.
1
Calculate the remainder when 14682 is divided by 51.
45
What is the remainder when 18404 is divided by 177?
173
What is the remainder when 3935 is divided by 297?
74
Calculate the remainder when 3049 is divided by 336.
25
What is the remainder when 7065 is divided by 7005?
60
What is the remainder when 287916 is divided by 359?
357
Calculate the remainder when 516186 is divided by 10.
6
What is the remainder when 64704 is divided by 28?
24
What is the remainder when 44980 is divided by 584?
12
What is the remainder when 621 is divided by 179?
84
What is the remainder when 27017 is divided by 6?
5
What is the remainder when 140366 is divided by 2228?
2
Calculate the remainder when 699 is divided by 636.
63
What is the remainder when 23344 is divided by 9?
7
Calculate the remainder when 3928 is divided by 151.
2
Calculate the remainder when 6710 is divided by 19.
3
Calculate the remainder when 40394 is divided by 705.
209
What is the remainder when 384 is divided by 124?
12
Calculate the remainder when 10162 is divided by 10.
2
Calculate the remainder when 242388 is divided by 7.
6
What is the remainder when 2437 is divided by 1665?
772
What is the remainder when 1174 is divided by 286?
30
What is the remainder when 352912 is divided by 141?
130
Calculate the remainder when 941 is divided by 774.
167
Calculate the remainder when 2456 is divided by 2108.
348
What is the remainder when 1936 is divided by 469?
60
Calculate the remainder when 5347 is divided by 1629.
460
What is the remainder when 36205 is divided by 423?
250
Calculate the remainder when 8260 is divided by 364.
252
What is the remainder when 11770 is divided by 141?
67
Calculate the remainder when 2051 is divided by 673.
32
What is the remainder when 173707 is divided by 599?
596
What is the remainder when 75329 is divided by 243?
242
Calculate the remainder when 12749 is divided by 319.
308
What is the remainder when 1602 is divided by 195?
42
Calculate the remainder when 2669 is divided by 624.
173
Calculate the remainder when 3213 is divided by 17.
0
Calculate the remainder when 1375 is divided by 76.
7
What is the remainder when 72230 is divided by 487?
154
What is the remainder when 93685 is divided by 56?
53
Calculate the remainder when 319 is divided by 138.
43
Calculate the remainder when 2380 is divided by 166.
56
What is the remainder when 332 is divided by 172?
160
Calculate the remainder when 51973 is divided by 553.
544
What is the remainder when 121866 is divided by 8701?
52
What is the remainder when 29477 is divided by 141?
8
Calculate the remainder when 11413 is divided by 81.
73
Calculate the remainder when 36311 is divided by 134.
131
What is the remainder when 11470 is divided by 138?
16
What is the remainder when 66527 is divided by 731?
6
What is the remainder when 670 is divided by 149?
74
What is the remainder when 22937 is divided by 353?
345
What is the remainder when 4746 is divided by 4652?
94
Calculate the remainder when 7625 is divided by 7607.
18
What is the remainder when 91838 is divided by 24?
14
Calculate the remainder when 36524 is divided by 14.
12
What is the remainder when 7029 is divided by 1170?
9
What is the remainder when 2129 is divided by 332?
137
What is the remainder when 7170 is divided by 272?
98
Calculate the remainder when 915 is divided by 35.
5
Calculate the remainder when 12505 is divided by 169.
168
What is the remainder when 5348 is divided by 1522?
782
What is the remainder when 529 is divided by 300?
229
What is the remainder when 5023 is divided by 150?
73
What is the remainder when 11771 is divided by 627?
485
Calculate the remainder when 83897 is divided by 152.
145
What is the remainder when 13835 is divided by 2766?
5
Calculate the remainder when 474955 is divided by 46.
5
What is the remainder when 7282 is divided by 310?
152
Calculate the remainder when 74553 is divided by 5731.
50
Calculate the remainder when 2068215 is divided by 140.
135
What is the remainder when 36507 is divided by 18189?
129
What is the remainder when 6605 is divided by 35?
25
What is the remainder when 185243 is divided by 185227?
16
Calculate the remainder when 44216 is divided by 638.
194
Calculate the remainder when 251832 is divided by 125905.
22
Calculate the remainder when 7072 is divided by 31.
4
What is the remainder when 1948400 is divided by 351?
350
Calculate the remainder when 3244 is divided by 82.
46
What is the remainder when 13831 is divided by 3455?
11
Calculate the remainder when 3582 is divided by 1180.
42
Calculate the remainder when 901 is divided by 32.
5
What is the remainder when 295814 is divided by 39?
38
What is the remainder when 3699 is divided by 475?
374
What is the remainder when 357230 is divided by 44?
38
What is the remainder when 11348 is divided by 154?
106
What is the remainder when 79051 is divided by 13157?
109
What is the remainder when 166897 is divided by 673?
666
What is the remainder when 57100 is divided by 33?
10
What is the remainder when 7062 is divided by 1124?
318
Calculate the remainder when 60995 is divided by 23.
22
Calculate the remainder when 52542 is divided by 32.
30
What is the remainder when 256241 is divided by 29?
26
Calculate the remainder when 11609 is divided by 11559.
50
What is the remainder when 3151 is divided by 779?
35
What is the remainder when 526237 is divided by 10?
7
What is the remainder when 1718 is divided by 718?
282
Calculate the remainder when 229261 is divided